v(l) = -l**3 + l**2 + l + 6. What are the prime factors of v(-4)?
2, 41
Let i(t) = -2*t**3 - 9*t**2 + 4*t + 2. What are the prime factors of i(-7)?
3, 73
Let q(n) = -n**3 - 7*n**2 + n + 10. Let c be q(-7). Suppose -5*l + 42 = -c. List the prime factors of l.
3
Let p be 2/7 - (-94)/14. Let h = 19 - p. List the prime factors of h.
2, 3
Let p(i) be the third derivative of -i**5/60 + i**4/4 + i**3/2 + i**2. What are the prime factors of p(6)?
3
Suppose 5*n = 5*m - 5 - 5, 4*m + 2*n + 10 = 0. Let w = 14 - m. What are the prime factors of w?
3, 5
Let b = -3 + 2. Let a be (0*(-3)/9)/b. Suppose a*h - 8 = -3*j - 2*h, j + 4*h + 14 = 0. List the prime factors of j.
2, 3
Suppose x = 7 - 0. Suppose 0 = 2*s - x*s - 30. What are the prime factors of (-3)/(s/16*2)?
2
Let z(o) = -2*o + 1 + 4*o**2 - 3*o + 3*o. Suppose -a + 3*w = 13, -4*a + 0 = -2*w + 2. What are the prime factors of z(a)?
13
Let m(o) = -3*o + 8. List the prime factors of m(-4).
2, 5
What are the prime factors of (-210)/(-27) + (-6)/(-27)?
2
Suppose 4*p - 3*p - 107 = 0. What are the prime factors of p?
107
What are the prime factors of (0 - -10) + (-27)/(-9)?
13
Let p be 5/4*(3 + 1). Suppose q - 24 = -z - q, p*q = -3*z + 75. What are the prime factors of z?
2, 3, 5
Suppose -2*m - 2 + 6 = 0. Let r(b) = -b**3 + 0 - m*b + 0*b - 4*b**2 + 1. What are the prime factors of r(-4)?
3
Let m(x) = 3*x + 1. Suppose 3*l = -3*t + 9, -2*l - t + 6 = -0*l. Suppose -l*v + 3 = -0. What are the prime factors of m(v)?
2
Suppose 0 = 2*h + 2 - 6, -2*h + 2 = -j. Suppose -2*x - 8 = 5*z, 4*z - 3*x - 13 = -1. Suppose -24 = -z*q - j*q. List the prime factors of q.
2, 3
Let t be 0 - 1 - (-15)/5. What are the prime factors of (3 + t)*(3 - 2)?
5
Suppose 0 = -5*h - 5*g - 5, -3*g = -0*h - 4*h + 24. Suppose h*c - 7 = 14. What are the prime factors of c?
7
Let x = -5 - -11. Let d be (-1)/(-1)*(-1 - 2). Let o = x + d. List the prime factors of o.
3
Let k be 9/(-1)*1/(-1). Let f(g) = 3*g. Let o be f(1). Suppose -o*a + 4*a = k. What are the prime factors of a?
3
Suppose -3*d = -4 - 8. Suppose -39 = -4*g + 3*h, -2*g + d*g + 3*h = 33. List the prime factors of g.
2, 3
Let c(v) = -v - 15. Suppose -3*f - f + 8 = 0. Let n(k) = -3*k - 31. Let a(t) = f*n(t) - 5*c(t). What are the prime factors of a(6)?
7
Suppose 2*y = 5*o - 3*y + 15, 5*y = -o + 27. What are the prime factors of o?
2
Let j(b) = 4*b**3 + b**2. Let x be j(1). Let d = 7 + x. What are the prime factors of d?
2, 3
Suppose -2*r + 3*i + 184 = 0, -i + 459 - 91 = 4*r. List the prime factors of r.
2, 23
Suppose 0 = -4*x + 12 + 4. Suppose -5*o = -x*g + 57, 7*g - o - 45 = 2*g. What are the prime factors of g?
2
Let f(q) = 3*q**2 - 7*q + 5. Let k be f(4). Suppose 0 = -b - 0 + k. List the prime factors of b.
5
Let i be (24/10)/(3/15). Let x be (-6)/i + 3/2. Suppose x = s - 1. What are the prime factors of s?
2
Suppose -4*k + 26 + 74 = 0. List the prime factors of k.
5
Let q(v) = -v. Let z(r) = -20*r. Suppose 5*o - 7*o = 240. Let p(n) = o*q(n) + 5*z(n). List the prime factors of p(1).
2, 5
Let m be (8/(-14))/((-4)/14). Suppose -m*u + 6 = -0*u. Let a(r) = r**2 - r - 4. What are the prime factors of a(u)?
2
Suppose 0 = -3*y + 2 + 10. What are the prime factors of ((-7)/5)/(y/(-20))?
7
Let a = 5 - 23. Let z = a - -33. List the prime factors of z.
3, 5
Let n(z) = z**3 - 6*z**2 - z + 2. Let u be n(6). Let t(v) = v**2 - v - 4. List the prime factors of t(u).
2
Let f(r) = 5*r + 4*r - r**3 - 3 - 2*r**2 - 8*r. Let s be f(-3). Suppose 9 = -s*x + 4*x. What are the prime factors of x?
3
Let k be (-8)/4 - (-1 - 61). Let a = k + -43. What are the prime factors of a?
17
Let q(x) = -x**2 - 3*x + 4. Suppose 5*z - 3*o + 25 = 0, -z + 0*z + o - 5 = 0. Let y be q(z). What are the prime factors of (-141)/y - 2/4?
23
List the prime factors of (2 - -2)*1305/20.
3, 29
Let v = 208 - 142. Let m be (-12)/v - (-312)/22. Suppose -n - 4*x = x - 9, -3*n - 2*x = -m. What are the prime factors of n?
2
Let o(d) = -4*d + 2*d + d - 6 + 3*d. What are the prime factors of o(5)?
2
Let w(r) be the first derivative of -r**4/4 - 7*r**3/3 + 4*r + 1. Let q = -3 - 4. What are the prime factors of w(q)?
2
Let t(d) = -d**3 + 3*d**2 - d + 2. Let h be t(2). Suppose 2*w + 22 = h*w. List the prime factors of w.
11
Suppose 2*b + 11 = 3*p, p - 3 = 2. Suppose -i + 2*j + 52 = b, -2*j - 96 = -2*i. What are the prime factors of i?
2, 23
Suppose -3*i + 12 = -i. Let y(h) = h**3 - 7*h**2 + 6*h + 7. List the prime factors of y(i).
7
Suppose 78 = 4*o - 4*w + 22, -5*o = 4*w - 61. List the prime factors of o.
13
Let t(o) = 24*o**3 + o**2 - 2*o + 1. List the prime factors of t(1).
2, 3
Let q(u) = 3*u + 3. Let v be q(3). Suppose 3*h = -4*c + 96, 4*h + 12 = c - v. List the prime factors of c.
2, 3
Suppose 5*u - 3*u - 170 = 0. List the prime factors of u/4 - 6/24.
3, 7
Suppose 0 = -2*a - a + 6. Suppose -53 = -a*p + f, 43 = 5*p + 2*f - 76. What are the prime factors of p?
5
Suppose -5*b = -3*b. Let r be 10/(-45) + (-20)/(-9). Suppose -2*m - r*m + 56 = b. What are the prime factors of m?
2, 7
Let h(y) = y**2 + 9*y + 14. Let z be h(-11). Suppose 2*k - 6*k + z = 0. What are the prime factors of k?
3
Suppose -2*v = -5*v. Let y(h) = h**3 + 11. What are the prime factors of y(v)?
11
Let w(a) = 57*a + 31. List the prime factors of w(5).
2, 79
Suppose -10*h = -12*h + 6. List the prime factors of h.
3
Let a = 2 - 0. Let t = a - -2. What are the prime factors of t?
2
Let q be (4/2 + 8)/2. Let r = -2 + q. Suppose -r*n + 0 = -12. What are the prime factors of n?
2
Let y be ((-4)/6)/((-16)/72). Suppose -4*b + 17 = -3. Suppose -y*n - 3 = g, -5*g + b*n + 65 = -0*g. What are the prime factors of g?
3
Suppose -3*k - 6 + 0 = 0. Let u = 13 + k. What are the prime factors of u?
11
Let m(k) be the second derivative of -k**4/12 - 4*k**3/3 - k**2 - 4*k. Let j be m(-6). What are the prime factors of 20/2*(j - 8)?
2, 5
Suppose -2*s + 0 = 4. What are the prime factors of 27/2 + (-1)/s?
2, 7
Suppose -8*s + 54 = -3*s - 4*d, 0 = 3*s + 4*d - 26. Suppose -g = -2*k - s, -4*g + k = -2*k - 20. Suppose -g = 3*x - 11. List the prime factors of x.
3
Let k be -1 + -6 + 2/1. Let n = -8 - k. What are the prime factors of 14/((-6)/n)*3?
3, 7
Suppose -5*x = -3*v - 6, -2*x + 5 = 3*v - 10. What are the prime factors of v?
3
What are the prime factors of (-3)/((-6)/4) - -62?
2
Suppose -3*x + 5*l = -239, 0 = 3*x + 2*x - 3*l - 425. List the prime factors of x.
2, 11
Suppose -4*y + 0*t + 100 = -4*t, 5*t + 75 = 3*y. List the prime factors of y.
5
Suppose 0 = -0*a + 4*a - 8. Suppose 4*v - 3*v = 5. Suppose 5*c - 47 = 2*r, -c + v = -2*r + a. What are the prime factors of c?
11
Let c(f) = 6*f**2 - 2. What are the prime factors of c(3)?
2, 13
Let u(r) = -r**2 + 13*r - 5. List the prime factors of u(11).
17
Let z(m) = m**2 - 6*m - 6. List the prime factors of z(11).
7
Suppose 0 = -3*c + 322 - 124. List the prime factors of c.
2, 3, 11
Let u be 1/4 + (-398)/(-8). Suppose u = -3*t - i, 0 = t - 3*i + 4*i + 14. Let a = 30 + t. What are the prime factors of a?
2, 3
Suppose 406 = 4*q - c, -2*q = -4*c + 95 - 305. List the prime factors of q.
101
Suppose 3*o = -o + h, 0 = -o - h. Suppose -4*z = -4*a - 12, -15 = a - 8*z + 3*z. Suppose 4*q - y - 11 = a, -7 = -3*q + 2*y - o*y. List the prime factors of q.
3
Let t = -45 + 230. What are the prime factors of t?
5, 37
What are the prime factors of 54 - 4*(4 - 3)?
2, 5
Let p(w) = -w**3 + 5*w**2 - w - 3. Let l be p(4). Suppose -3*x - 108 = -3*o, -l = 5*x + 16. Suppose -3*d = -2 - o. What are the prime factors of d?
11
Suppose -t - 103 - 39 = -3*j, 2*j - t = 95. What are the prime factors of j?
47
Let a = 259 - 124. What are the prime factors of a?
3, 5
Let a(i) be the second derivative of i**5/5 - i**4/12 - i**3/3 + i**2/2 - 3*i. What are the prime factors of a(2)?
5
Suppose u - l = -4*u + 242, 5*l = 4*u - 202. Suppose -u = -3*x + x. What are the prime factors of x?
2, 3
Suppose 0 = 4*y + 2*d - 37 - 21, -3*y + 4*d + 49 = 0. Suppose -2*m + y = 3*m. Suppose -m*r - 4 = -43. What are the prime factors of r?
13
Suppose 4*g - 14 + 3 = -5*n, -g - 1 = 0. Suppose 0 = 2*c - 4*c + 32. Suppose n = -r + c. List the prime factors of r.
13
Let w = 26 - 2. What are the prime factors of w?
2, 3
What are the prime factors of 2*(60/6 + 0)?
2, 5
Let f = 202 - 115. List the prime factors of f.
3